{"id":103,"date":"2020-07-29T14:40:44","date_gmt":"2020-07-29T11:40:44","guid":{"rendered":"https:\/\/ssty.fi\/sairaalatekniikan-paivat\/?page_id=103"},"modified":"2022-05-30T13:34:42","modified_gmt":"2022-05-30T10:34:42","slug":"jaoskokoukset","status":"publish","type":"page","link":"https:\/\/ssty.fi\/sairaalatekniikan-paivat\/jaoskokoukset\/","title":{"rendered":"Jaoskokoukset"},"content":{"rendered":"<p><div class=\"fusion-fullwidth fullwidth-box fusion-builder-row-1 fusion-flex-container nonhundred-percent-fullwidth non-hundred-percent-height-scrolling\" style=\"--awb-border-radius-top-left:0px;--awb-border-radius-top-right:0px;--awb-border-radius-bottom-right:0px;--awb-border-radius-bottom-left:0px;--awb-flex-wrap:wrap;\" ><div class=\"fusion-builder-row fusion-row fusion-flex-align-items-flex-start fusion-flex-content-wrap\" style=\"max-width:1248px;margin-left: calc(-4% \/ 2 );margin-right: calc(-4% \/ 2 );\"><div class=\"fusion-layout-column fusion_builder_column fusion-builder-column-0 fusion_builder_column_1_1 1_1 fusion-flex-column\" style=\"--awb-bg-size:cover;--awb-width-large:100%;--awb-margin-top-large:0px;--awb-spacing-right-large:1.92%;--awb-margin-bottom-large:20px;--awb-spacing-left-large:1.92%;--awb-width-medium:100%;--awb-order-medium:0;--awb-spacing-right-medium:1.92%;--awb-spacing-left-medium:1.92%;--awb-width-small:100%;--awb-order-small:0;--awb-spacing-right-small:1.92%;--awb-spacing-left-small:1.92%;\"><div class=\"fusion-column-wrapper fusion-column-has-shadow fusion-flex-justify-content-flex-start fusion-content-layout-column\"><div class=\"fusion-title title fusion-title-1 fusion-title-center fusion-title-text fusion-title-size-one\" style=\"--awb-margin-top-small:10px;--awb-margin-right-small:0px;--awb-margin-bottom-small:10px;--awb-margin-left-small:0px;--awb-font-size:35PX;\"><div class=\"title-sep-container title-sep-container-left\"><div class=\"title-sep sep-single sep-solid\" style=\"border-color:#e2e2e2;\"><\/div><\/div><span class=\"awb-title-spacer\"><\/span><h1 class=\"fusion-title-heading title-heading-center fusion-responsive-typography-calculated\" style=\"margin:0;font-size:1em;--fontSize:14;--minFontSize:14;line-height:1.16;\"><p style=\"text-align: center;\">JAOSKOKOUKSET<\/p><\/h1><span class=\"awb-title-spacer\"><\/span><div class=\"title-sep-container title-sep-container-right\"><div class=\"title-sep sep-single sep-solid\" style=\"border-color:#e2e2e2;\"><\/div><\/div><\/div><\/div><\/div><\/div><\/div><div class=\"fusion-fullwidth fullwidth-box fusion-builder-row-2 fusion-flex-container nonhundred-percent-fullwidth non-hundred-percent-height-scrolling\" style=\"--awb-border-radius-top-left:0px;--awb-border-radius-top-right:0px;--awb-border-radius-bottom-right:0px;--awb-border-radius-bottom-left:0px;--awb-flex-wrap:wrap;\" ><div class=\"fusion-builder-row fusion-row fusion-flex-align-items-flex-start fusion-flex-content-wrap\" style=\"max-width:1248px;margin-left: calc(-4% \/ 2 );margin-right: calc(-4% \/ 2 );\"><div class=\"fusion-layout-column fusion_builder_column fusion-builder-column-1 fusion_builder_column_1_6 1_6 fusion-flex-column\" style=\"--awb-bg-size:cover;--awb-width-large:16.666666666667%;--awb-margin-top-large:0px;--awb-spacing-right-large:11.52%;--awb-margin-bottom-large:20px;--awb-spacing-left-large:11.52%;--awb-width-medium:100%;--awb-order-medium:0;--awb-spacing-right-medium:1.92%;--awb-spacing-left-medium:1.92%;--awb-width-small:100%;--awb-order-small:0;--awb-spacing-right-small:1.92%;--awb-spacing-left-small:1.92%;\"><div class=\"fusion-column-wrapper fusion-column-has-shadow fusion-flex-justify-content-flex-start fusion-content-layout-column\"><\/div><\/div><div class=\"fusion-layout-column fusion_builder_column fusion-builder-column-2 fusion_builder_column_2_3 2_3 fusion-flex-column\" style=\"--awb-bg-size:cover;--awb-width-large:66.666666666667%;--awb-margin-top-large:0px;--awb-spacing-right-large:2.88%;--awb-margin-bottom-large:20px;--awb-spacing-left-large:2.88%;--awb-width-medium:100%;--awb-order-medium:0;--awb-spacing-right-medium:1.92%;--awb-spacing-left-medium:1.92%;--awb-width-small:100%;--awb-order-small:0;--awb-spacing-right-small:1.92%;--awb-spacing-left-small:1.92%;\"><div class=\"fusion-column-wrapper fusion-column-has-shadow fusion-flex-justify-content-flex-start fusion-content-layout-column\"><div class=\"fusion-text fusion-text-1\" style=\"--awb-text-transform:none;\"><p><strong>SSTY:n jaokset j\u00e4rjest\u00e4v\u00e4t kokouksia \/ tapaamisia Sairaalatekniikan p\u00e4ivien yhteydess\u00e4<\/strong> <strong>maanantaina\u00a030.5.2022 Solo Sokos Hotel Lahden Seurahuone (Aleksanterinkatu 14, 15110 Lahti)<\/strong>.<\/p>\n<\/div><div class=\"fusion-text fusion-text-2\" style=\"--awb-text-transform:none;\"><p><strong>L\u00e4\u00e4kint\u00e4tekniikan jaos<\/strong> kokoontuu klo 18.00 alkaen ja ohjelmassa on toimintasuunnitelman vahvistaminen vuodelle 2022-2023 sek\u00e4 HUS:in projektip\u00e4\u00e4llikk\u00f6 Sami Eskelisen esitys aiheesta\u00a0Varautuminen terveydenhuollossa. <strong>Kokoustila: Laune<\/strong><\/p>\n<p><strong>Sis\u00e4ilmajaos<\/strong> kokoontuu klo 18.00 alkaen. <strong>Kokoustila: Ankkuri<\/strong><\/p>\n<p><strong>LVI-jaos<\/strong> kokoontuu klo 18.00 alkaen. <strong>Kokoustila: Kartano<\/strong><br \/>\n18.00-18.10\u00a0\u00a0\u00a0\u00a0\u00a0 Jaosvet\u00e4j\u00e4n alkusanat \/Saara V\u00e4nsk\u00e4<br \/>\n18.10-18.30\u00a0\u00a0\u00a0\u00a0\u00a0 Sairaalakaasuoppaan p\u00e4ivityksen julkaisu \/Timo Kurkela, Ramboll &amp; Jukka Hakkarainen, Getinge<br \/>\n18.30-19.00\u00a0\u00a0\u00a0\u00a0\u00a0 Toimintasuunnitelma vuodelle 2022, jaoskyselyn tulosten l\u00e4pik\u00e4ynti sek\u00e4 vapaata keskustelua siit\u00e4, millaisia aiheita j\u00e4senist\u00f6 toivoo k\u00e4sitelt\u00e4v\u00e4n jatkossa\/yleist\u00e4 keskustelua LVI-jaoksen toiminnasta \/Saara V\u00e4nsk\u00e4<br \/>\n19.00-19.15\u00a0\u00a0\u00a0\u00a0\u00a0 Uuden jaosvet\u00e4j\u00e4n valinta ja esitt\u00e4ytyminen. Ehdokkaaksi voi asettua ilmoittamalla kiinnostuksensa teht\u00e4v\u00e4\u00e4 kohtaan jaosvet\u00e4j\u00e4lle: <a class=\"moz-txt-link-freetext\">saara.vanska@pshp.fi<\/a>.<\/p>\n<p><strong>S\u00e4hk\u00f6jaos\u00a0<\/strong>kokoontuu klo 17.00 alkaen. <strong>Kokoustila: P\u00e4ij\u00e4t 2<\/strong><br \/>\n17.00 Kokouksen avaus \/ s\u00e4hk\u00f6jaoksen puheenjohtaja Jari Hakala<br \/>\n17.05 \u2013 17.45 L\u00e4\u00e4kint\u00e4laitteet kotik\u00e4yt\u00f6ss\u00e4 \/ Timo S\u00e4is\u00e4, KYS<br \/>\n17.45 \u2013 18.30 Scada-j\u00e4rjestelm\u00e4 \/ Sixten Holm, Jarkko Nyrhil\u00e4, ABB<br \/>\n18.30 \u2013 19.00 Kokousasiat ja kokouksen p\u00e4\u00e4t\u00f6s, Jari Hakala<\/p>\n<p><strong>Turvallisuusjaos<\/strong> kokoontuu klo 17.00 alkaen. <strong>Kokoustila: P\u00e4ij\u00e4t 3<\/strong><br \/>\n17.00-18.00<br \/>\n1. Kokouksen avaus<br \/>\n2. Valitaan kokoukselle puheenjohtaja ja sihteeri<br \/>\n3. Potilasturvallisuuskulttuuri ja sen kehitt\u00e4minen oikeuspsykiatrisessa sairaalahoidossa. (TtM Anssi Kuosmanen)<br \/>\n4. Sote valmiuskeskus valmistelutilanne OYS, KYS<br \/>\n5. Muut ajankohtaiset asiat<br \/>\n6. Kokouksen p\u00e4\u00e4tt\u00e4minen<strong><br \/>\n<\/strong>18.00-19.00 valmiussuunnittelijoiden tapaaminen<\/p>\n<p><strong>Ymp\u00e4rist\u00f6jaos<\/strong> kokoontuu klo 18.00 alkaen. <strong>Kokoustila:\u00a0Lounge, kadun toisella puolella Seurahuone Loft Housessa<\/strong><\/p>\n<p><strong>Toiminnallisen suunnittelun jaos<\/strong> kokoontuu klo 17.30 alkaen. <strong>Kokoustila: P\u00e4ij\u00e4t 1<\/strong><br \/>\nKokoukseen on mahdollista osallistua my\u00f6s Teams:in kautta. Ole yhteydess\u00e4 <a href=\"mailto:tiina.jouppila@epshp.fi\">tiina.jouppila@epshp.fi<\/a><br \/>\n<span style=\"font-family: georgia, palatino, serif;\">17.30 -17.40 Jaoskokouksen avaus<br \/>\n17.40-18.20 Tuloksia tutkimushankkeesta Vuodepaikkamitoituksen ty\u00f6kalu, tutkimusjohtaja Riikka-Leena Leskel\u00e4,<br \/>\nNHG Tulevaisuuden skenaarioista sote-rakentamisessa, professori Laura Arpiainen, Aalto-yliopisto<br \/>\n18.20-18.40 keskustelua ja kysymyksi\u00e4<br \/>\n18.40-19.00 Toiminnallisen suunnittelujaoksen j\u00e4senten esittelykierros 19.00-19.30 Jaoksen toiminnan suunnittelua<\/span><\/p>\n<p><strong>Kiinteist\u00f6jaos<\/strong> kokoontuu klo 17.00 alkaen. (<strong>HUOM!<\/strong> Aiemmin kokouksen oli ilmoitettu alkavan 17:30) <strong>Kokoustila: Tiirismaa<\/strong><br \/>\n17.00-17.10 TILAISUUDEN AVAUS<br \/>\nJaoksen puheenjohtaja, Vesa Vainiotalo, HUS Tilakeskus<br \/>\n17.10-17.40 COVID-19 KOKEMUKSIA<br \/>\nKeskustellaan pandemian vaikutuksista kiinteist\u00f6toiminnan arkeen ja tulevaisuuden varautumiseen: kiinteist\u00f6ihin tehdyt pandemian aikaiset muutokset ja varautuminen uusissa rakennushankkeissa ja niiden suunnittelussa. HUS alustaa<br \/>\n17.40-18.00 HYBRIDI BIG ROOM<br \/>\nMiten Big Room ymp\u00e4rist\u00f6ss\u00e4 toimittiin ja toimitaan Jorvin vuodeosasto hankkeessa sek\u00e4 miten jatkossakin voidaan hybridimallia soveltaa hankkeen ohjauksessa ja suunnittelussa. arkkitehti Merja Pesonen, Lukkaroinen Arkkitehdit Oy<br \/>\n18.00-18.20 KIINTEIST\u00d6KULUJEN KOHDENTAMINEN K\u00c4YTT\u00c4JILLE PPSHP:SS\u00c4<br \/>\nInfrapalveluiden johtaja, Ollipekka Huotari, PPSHP<br \/>\n18.20-18.40 OPTIMAZE WORKSENSE-\u00c4LYTOIMISTOJ\u00c4RJESTELM\u00c4<br \/>\nMiten tilank\u00e4ytt\u00f6\u00e4 voidaan optimoida ty\u00f6tilojen k\u00e4yt\u00f6n seuranta- ja varausohjelmalla. Kai Patja, liiketoimintajohtaja, Rapal &#8211; part of \u00d8rn Software<br \/>\n18.40-18.50 LOPPUKESKUSTELU<br \/>\nAjankohtaisia aiheita ja ehdotuksista syksyn jaoskokouksen aiheiksi.<br \/>\n18.50-19.00 JAOKSEN PUHEENJOHTAJAN JA VARAPUHEENJOHTAJAN VALINTA<\/p>\n<\/div><\/div><\/div><div class=\"fusion-layout-column fusion_builder_column fusion-builder-column-3 fusion_builder_column_1_6 1_6 fusion-flex-column\" style=\"--awb-bg-size:cover;--awb-width-large:16.666666666667%;--awb-margin-top-large:0px;--awb-spacing-right-large:11.52%;--awb-margin-bottom-large:20px;--awb-spacing-left-large:11.52%;--awb-width-medium:100%;--awb-order-medium:0;--awb-spacing-right-medium:1.92%;--awb-spacing-left-medium:1.92%;--awb-width-small:100%;--awb-order-small:0;--awb-spacing-right-small:1.92%;--awb-spacing-left-small:1.92%;\"><div class=\"fusion-column-wrapper fusion-column-has-shadow fusion-flex-justify-content-flex-start fusion-content-layout-column\"><\/div><\/div><\/div><\/div><\/p>\n","protected":false},"excerpt":{"rendered":"","protected":false},"author":2,"featured_media":0,"parent":0,"menu_order":0,"comment_status":"closed","ping_status":"closed","template":"","meta":{"footnotes":""},"class_list":["post-103","page","type-page","status-publish","hentry"],"_links":{"self":[{"href":"https:\/\/ssty.fi\/sairaalatekniikan-paivat\/wp-json\/wp\/v2\/pages\/103","targetHints":{"allow":["GET"]}}],"collection":[{"href":"https:\/\/ssty.fi\/sairaalatekniikan-paivat\/wp-json\/wp\/v2\/pages"}],"about":[{"href":"https:\/\/ssty.fi\/sairaalatekniikan-paivat\/wp-json\/wp\/v2\/types\/page"}],"author":[{"embeddable":true,"href":"https:\/\/ssty.fi\/sairaalatekniikan-paivat\/wp-json\/wp\/v2\/users\/2"}],"replies":[{"embeddable":true,"href":"https:\/\/ssty.fi\/sairaalatekniikan-paivat\/wp-json\/wp\/v2\/comments?post=103"}],"version-history":[{"count":52,"href":"https:\/\/ssty.fi\/sairaalatekniikan-paivat\/wp-json\/wp\/v2\/pages\/103\/revisions"}],"predecessor-version":[{"id":610,"href":"https:\/\/ssty.fi\/sairaalatekniikan-paivat\/wp-json\/wp\/v2\/pages\/103\/revisions\/610"}],"wp:attachment":[{"href":"https:\/\/ssty.fi\/sairaalatekniikan-paivat\/wp-json\/wp\/v2\/media?parent=103"}],"curies":[{"name":"wp","href":"https:\/\/api.w.org\/{rel}","templated":true}]}}